{"id":997,"date":"2016-11-24T14:57:01","date_gmt":"2016-11-24T14:57:01","guid":{"rendered":"http:\/\/wp2.edge.is\/?page_id=997"},"modified":"2019-04-24T13:50:48","modified_gmt":"2019-04-24T13:50:48","slug":"log-og-reglur","status":"publish","type":"page","link":"https:\/\/heradsskjalasafn.is\/?page_id=997","title":{"rendered":"L\u00f6g og reglur"},"content":{"rendered":"<p>Helstu l\u00f6g og reglur er gilda um starfsemi h\u00e9ra\u00f0sskjalasafna og skjalav\u00f6rslu sveitarf\u00e9laga. H\u00e9r fylgja og til fr\u00f3\u00f0leiks tenglar til erlendrar l\u00f6ggjafar um skjalav\u00f6rslu.<\/p>\n<p><a href=\"http:\/\/www.althingi.is\/lagas\/nuna\/2014077.html\" target=\"_blank\" rel=\"noopener\">L\u00f6g um opinber skjalas\u00f6fn nr. 77\/2014<\/a><\/p>\n<p><a href=\"http:\/\/www.althingi.is\/lagas\/143a\/1985066.html\" target=\"_blank\" rel=\"noopener\">Eldri l\u00f6g (fallin \u00far gildi) um \u00dej\u00f3\u00f0skjalasafn \u00cdslands nr. 66\/1985<\/a><\/p>\n<p><a href=\"http:\/\/www.reglugerd.is\/reglugerdir\/eftir-raduneytum\/menntamalaraduneyti\/nr\/3313\" target=\"_blank\" rel=\"noopener\">Regluger\u00f0 um h\u00e9ra\u00f0sskjalas\u00f6fn nr. 283\/1994<\/a><\/p>\n<p><a href=\"http:\/\/www.reglugerd.is\/reglugerdir\/eftir-raduneytum\/menntamalaraduneyti\/nr\/3235\" target=\"_blank\" rel=\"noopener\">Regluger\u00f0 um \u00dej\u00f3\u00f0skjalasafni\u00f0 \u00ed Reykjav\u00edk nr. 5\/1916<\/a><\/p>\n<p><a href=\"http:\/\/www.althingi.is\/lagas\/nuna\/2012140.html\" target=\"_blank\" rel=\"noopener\">Uppl\u00fdsingal\u00f6g nr. 140\/2012<\/a><\/p>\n<p><a href=\"http:\/\/www.althingi.is\/lagas\/nuna\/1996050.html\" target=\"_blank\" rel=\"noopener\">Eldri uppl\u00fdsingal\u00f6g (fallin \u00far gildi a\u00f0 mestu) nr. 50\/1996<\/a><\/p>\n<p><a href=\"http:\/\/www.althingi.is\/lagas\/nuna\/1993037.html\" target=\"_blank\" rel=\"noopener\">Stj\u00f3rns\u00fdslul\u00f6g nr. 37\/1993<\/a><\/p>\n<p><a href=\"https:\/\/www.althingi.is\/lagas\/149a\/2018090.html\" target=\"_blank\" rel=\"noopener\">L\u00f6g um pers\u00f3nuvernd og vinnslu pers\u00f3nuuppl\u00fdsinga nr. 90\/2018<\/a><\/p>\n<p><a href=\"http:\/\/www.althingi.is\/lagas\/nuna\/2011138.html\" target=\"_blank\" rel=\"noopener\">Sveitarstj\u00f3rnarl\u00f6g nr. 138\/2011<\/a><\/p>\n<p><a href=\"http:\/\/www.stjornartidindi.is\/Advert.aspx?ID=3be62d81-27cc-4293-8730-5b695ad606f4\" target=\"_blank\" rel=\"noopener\">Augl\u00fdsing um lei\u00f0beiningar um ritun fundarger\u00f0a sveitarstj\u00f3rna nr. 22\/2013<\/a><\/p>\n<p><a href=\"http:\/\/www.althingi.is\/lagas\/140b\/2011057.html#G16\" target=\"_blank\" rel=\"noopener\">L\u00f6g um skil menningarver\u00f0m\u00e6ta til annarra landa nr. 57\/2011<\/a><\/p>\n<p><a href=\"http:\/\/www.althingi.is\/lagas\/140b\/2011057.html#G16\" target=\"_blank\" rel=\"noopener\">L\u00f6g um menningarminjar nr. 80\/2012<\/a><\/p>\n<p><a href=\"http:\/\/www.althingi.is\/lagas\/140b\/2001105.html\" target=\"_blank\" rel=\"noopener\">L\u00f6g (fallin \u00far gildi) um flutning menningarver\u00f0m\u00e6ta \u00far landi og um skil menningarver\u00f0m\u00e6ta til annarra landa nr. 105\/2001<\/a><\/p>\n<p><a href=\"http:\/\/www.reglugerd.is\/reglugerdir\/eftir-raduneytum\/umhverfisraduneyti\/nr\/18113\" target=\"_blank\" rel=\"noopener\">Byggingarregluger\u00f0 nr. 112\/2012<\/a><\/p>\n<p><a href=\"http:\/\/www.reglugerd.is\/reglugerdir\/eftir-raduneytum\/felagsmalaraduneyti\/nr\/1813\" target=\"_blank\" rel=\"noopener\">Regluger\u00f0 um m\u00e1lsme\u00f0fer\u00f0 fyrir barnaverndarnefnd nr. 56\/2004<\/a><\/p>\n<p><a href=\"http:\/\/www.reglugerd.is\/reglugerdir\/eftir-raduneytum\/mennta--og-menningarmalaraduneyti\/nr\/15940\" target=\"_blank\" rel=\"noopener\">Regluger\u00f0 um skil og mi\u00f0lun uppl\u00fdsinga milli leik- og grunnsk\u00f3la nr. 896\/2009<\/a><\/p>\n<p><a href=\"http:\/\/www.reglugerd.is\/reglugerdir\/eftir-raduneytum\/mennta--og-menningarmalaraduneyti\/nr\/15939\" target=\"_blank\" rel=\"noopener\">Regluger\u00f0 um mi\u00f0lun og me\u00f0fer\u00f0 uppl\u00fdsinga um nemendur \u00ed grunnsk\u00f3lum og r\u00e9tt foreldra til a\u00f0gangs a\u00f0 uppl\u00fdsingum um b\u00f6rn s\u00edn nr. 897\/2009<\/a><\/p>\n<p><a href=\"http:\/\/www.stjornartidindi.is\/Advert.aspx?ID=38fccc6e-95ab-4052-a41b-d0c790a03e44\" target=\"_blank\" rel=\"noopener\">Reglur \u00dej\u00f3\u00f0skjalasafns \u00cdslands um m\u00e1lalykla afhendingarskyldra a\u00f0ila nr. 622\/2010<\/a><\/p>\n<p><a href=\"http:\/\/www.stjornartidindi.is\/Advert.aspx?ID=3cdb189f-3f17-43d7-85f9-880fe5f31341\" target=\"_blank\" rel=\"noopener\">Reglur \u00dej\u00f3\u00f0skjalasafns \u00cdslands um skjalavistunar\u00e1\u00e6tlanir afhendingarskyldra a\u00f0ila nr. 623\/2010<\/a><\/p>\n<p><a href=\"http:\/\/www.stjornartidindi.is\/Advert.aspx?ID=3f6cc5b6-e311-4ee8-af6b-5da821175e11\" target=\"_blank\" rel=\"noopener\">Reglur \u00dej\u00f3\u00f0skjalasafns \u00cdslands um tilkynningu og sam\u00feykkt rafr\u00e6nna skjalav\u00f6rslukerfa afhendingarskyldra a\u00f0ila nr. 624\/2010<\/a><\/p>\n<p><a href=\"http:\/\/www.stjornartidindi.is\/Advert.aspx?ID=faba61aa-0dff-4860-9966-013d7a86f42e\" target=\"_blank\" rel=\"noopener\">Reglur \u00dej\u00f3\u00f0skjalasafns \u00cdslands um tilkynningu rafr\u00e6nna skr\u00e1a og gagnagrunna afhendingarskyldra a\u00f0ila nr. 625\/2010<\/a><\/p>\n<p><a href=\"http:\/\/www.stjornartidindi.is\/Advert.aspx?ID=8d555fc2-411f-496f-a82a-eeaa31a119f2\" target=\"_blank\" rel=\"noopener\">Reglur \u00dej\u00f3\u00f0skjalasafns \u00cdslands um afhendingu \u00e1 v\u00f6rslu\u00fatg\u00e1fum gagna \u00far rafr\u00e6num gagnakerfum afhendingarskyldra a\u00f0ila nr. 100\/2014<\/a><\/p>\n<p><a href=\"http:\/\/www.stjornartidindi.is\/Advert.aspx?ID=9259aefb-dafb-4bf3-bfba-c2863ecc0ca6\" target=\"_blank\" rel=\"noopener\">Reglur \u00dej\u00f3\u00f0skjalasafns \u00cdslands um grisjun \u00ed skjalas\u00f6fnum sveitarf\u00e9laga og stofnana \u00feeirra nr. 627\/2010<\/a><\/p>\n<p><a href=\"http:\/\/www.stjornartidindi.is\/Advert.aspx?ID=0bbe6eaa-14ec-49ac-a39c-80a6295dab44\" target=\"_blank\" rel=\"noopener\">Reglur \u00dej\u00f3\u00f0skjalasafns \u00cdslands um fr\u00e1gang, skr\u00e1ningu og afhendingu papp\u00edrsskjala afhendingarskyldra a\u00f0ila nr. 1065\/2010<\/a><\/p>\n<p><a href=\"http:\/\/www.ica.org\/en\/euronomos-online-legal-database\" target=\"_blank\" rel=\"noopener\">EURONOMOS \u2013 yfirlit um l\u00f6ggj\u00f6f a\u00f0ildarr\u00edkja Evr\u00f3pusambandsins um skjalav\u00f6rslu<\/a><\/p>\n<p><a href=\"http:\/\/www.archivschule.de\/DE\/service\/archivgesetze\/\" target=\"_blank\" rel=\"noopener\">\u00de\u00fdsk l\u00f6ggj\u00f6f um skjalav\u00f6rslu<\/a><\/p>\n","protected":false},"excerpt":{"rendered":"<p>Helstu l\u00f6g og reglur er gilda um starfsemi h\u00e9ra\u00f0sskjalasafna og skjalav\u00f6rslu sveitarf\u00e9laga. H\u00e9r fylgja og til fr\u00f3\u00f0leiks tenglar til erlendrar l\u00f6ggjafar um skjalav\u00f6rslu. L\u00f6g um opinber skjalas\u00f6fn nr. 77\/2014 Eldri l\u00f6g (fallin \u00far gildi) um \u00dej\u00f3\u00f0skjalasafn \u00cdslands nr. 66\/1985 Regluger\u00f0<\/p>\n","protected":false},"author":2,"featured_media":0,"parent":0,"menu_order":0,"comment_status":"closed","ping_status":"closed","template":"","meta":{"footnotes":""},"class_list":["post-997","page","type-page","status-publish","hentry"],"_links":{"self":[{"href":"https:\/\/heradsskjalasafn.is\/index.php?rest_route=\/wp\/v2\/pages\/997","targetHints":{"allow":["GET"]}}],"collection":[{"href":"https:\/\/heradsskjalasafn.is\/index.php?rest_route=\/wp\/v2\/pages"}],"about":[{"href":"https:\/\/heradsskjalasafn.is\/index.php?rest_route=\/wp\/v2\/types\/page"}],"author":[{"embeddable":true,"href":"https:\/\/heradsskjalasafn.is\/index.php?rest_route=\/wp\/v2\/users\/2"}],"replies":[{"embeddable":true,"href":"https:\/\/heradsskjalasafn.is\/index.php?rest_route=%2Fwp%2Fv2%2Fcomments&post=997"}],"version-history":[{"count":5,"href":"https:\/\/heradsskjalasafn.is\/index.php?rest_route=\/wp\/v2\/pages\/997\/revisions"}],"predecessor-version":[{"id":1444,"href":"https:\/\/heradsskjalasafn.is\/index.php?rest_route=\/wp\/v2\/pages\/997\/revisions\/1444"}],"wp:attachment":[{"href":"https:\/\/heradsskjalasafn.is\/index.php?rest_route=%2Fwp%2Fv2%2Fmedia&parent=997"}],"curies":[{"name":"wp","href":"https:\/\/api.w.org\/{rel}","templated":true}]}}

Lög og reglur

<p>Helstu lög og reglur er gilda um starfsemi héraðsskjalasafna og skjalavörslu sveitarfélaga. Hér fylgja og til fróðleiks tenglar til erlendrar löggjafar um skjalavörslu.</p>
<p><a href="http://www.althingi.is/lagas/nuna/2014077.html" target="_blank" rel="noopener">Lög um opinber skjalasöfn nr. 77/2014</a></p>
<p><a href="http://www.althingi.is/lagas/143a/1985066.html" target="_blank" rel="noopener">Eldri lög (fallin úr gildi) um Þjóðskjalasafn Íslands nr. 66/1985</a></p>
<p><a href="http://www.reglugerd.is/reglugerdir/eftir-raduneytum/menntamalaraduneyti/nr/3313" target="_blank" rel="noopener">Reglugerð um héraðsskjalasöfn nr. 283/1994</a></p>
<p><a href="http://www.reglugerd.is/reglugerdir/eftir-raduneytum/menntamalaraduneyti/nr/3235" target="_blank" rel="noopener">Reglugerð um Þjóðskjalasafnið í Reykjavík nr. 5/1916</a></p>
<p><a href="http://www.althingi.is/lagas/nuna/2012140.html" target="_blank" rel="noopener">Upplýsingalög nr. 140/2012</a></p>
<p><a href="http://www.althingi.is/lagas/nuna/1996050.html" target="_blank" rel="noopener">Eldri upplýsingalög (fallin úr gildi að mestu) nr. 50/1996</a></p>
<p><a href="http://www.althingi.is/lagas/nuna/1993037.html" target="_blank" rel="noopener">Stjórnsýslulög nr. 37/1993</a></p>
<p><a href="https://www.althingi.is/lagas/149a/2018090.html" target="_blank" rel="noopener">Lög um persónuvernd og vinnslu persónuupplýsinga nr. 90/2018</a></p>
<p><a href="http://www.althingi.is/lagas/nuna/2011138.html" target="_blank" rel="noopener">Sveitarstjórnarlög nr. 138/2011</a></p>
<p><a href="http://www.stjornartidindi.is/Advert.aspx?ID=3be62d81-27cc-4293-8730-5b695ad606f4" target="_blank" rel="noopener">Auglýsing um leiðbeiningar um ritun fundargerða sveitarstjórna nr. 22/2013</a></p>
<p><a href="http://www.althingi.is/lagas/140b/2011057.html#G16" target="_blank" rel="noopener">Lög um skil menningarverðmæta til annarra landa nr. 57/2011</a></p>
<p><a href="http://www.althingi.is/lagas/140b/2011057.html#G16" target="_blank" rel="noopener">Lög um menningarminjar nr. 80/2012</a></p>
<p><a href="http://www.althingi.is/lagas/140b/2001105.html" target="_blank" rel="noopener">Lög (fallin úr gildi) um flutning menningarverðmæta úr landi og um skil menningarverðmæta til annarra landa nr. 105/2001</a></p>
<p><a href="http://www.reglugerd.is/reglugerdir/eftir-raduneytum/umhverfisraduneyti/nr/18113" target="_blank" rel="noopener">Byggingarreglugerð nr. 112/2012</a></p>
<p><a href="http://www.reglugerd.is/reglugerdir/eftir-raduneytum/felagsmalaraduneyti/nr/1813" target="_blank" rel="noopener">Reglugerð um málsmeðferð fyrir barnaverndarnefnd nr. 56/2004</a></p>
<p><a href="http://www.reglugerd.is/reglugerdir/eftir-raduneytum/mennta--og-menningarmalaraduneyti/nr/15940" target="_blank" rel="noopener">Reglugerð um skil og miðlun upplýsinga milli leik- og grunnskóla nr. 896/2009</a></p>
<p><a href="http://www.reglugerd.is/reglugerdir/eftir-raduneytum/mennta--og-menningarmalaraduneyti/nr/15939" target="_blank" rel="noopener">Reglugerð um miðlun og meðferð upplýsinga um nemendur í grunnskólum og rétt foreldra til aðgangs að upplýsingum um börn sín nr. 897/2009</a></p>
<p><a href="http://www.stjornartidindi.is/Advert.aspx?ID=38fccc6e-95ab-4052-a41b-d0c790a03e44" target="_blank" rel="noopener">Reglur Þjóðskjalasafns Íslands um málalykla afhendingarskyldra aðila nr. 622/2010</a></p>
<p><a href="http://www.stjornartidindi.is/Advert.aspx?ID=3cdb189f-3f17-43d7-85f9-880fe5f31341" target="_blank" rel="noopener">Reglur Þjóðskjalasafns Íslands um skjalavistunaráætlanir afhendingarskyldra aðila nr. 623/2010</a></p>
<p><a href="http://www.stjornartidindi.is/Advert.aspx?ID=3f6cc5b6-e311-4ee8-af6b-5da821175e11" target="_blank" rel="noopener">Reglur Þjóðskjalasafns Íslands um tilkynningu og samþykkt rafrænna skjalavörslukerfa afhendingarskyldra aðila nr. 624/2010</a></p>
<p><a href="http://www.stjornartidindi.is/Advert.aspx?ID=faba61aa-0dff-4860-9966-013d7a86f42e" target="_blank" rel="noopener">Reglur Þjóðskjalasafns Íslands um tilkynningu rafrænna skráa og gagnagrunna afhendingarskyldra aðila nr. 625/2010</a></p>
<p><a href="http://www.stjornartidindi.is/Advert.aspx?ID=8d555fc2-411f-496f-a82a-eeaa31a119f2" target="_blank" rel="noopener">Reglur Þjóðskjalasafns Íslands um afhendingu á vörsluútgáfum gagna úr rafrænum gagnakerfum afhendingarskyldra aðila nr. 100/2014</a></p>
<p><a href="http://www.stjornartidindi.is/Advert.aspx?ID=9259aefb-dafb-4bf3-bfba-c2863ecc0ca6" target="_blank" rel="noopener">Reglur Þjóðskjalasafns Íslands um grisjun í skjalasöfnum sveitarfélaga og stofnana þeirra nr. 627/2010</a></p>
<p><a href="http://www.stjornartidindi.is/Advert.aspx?ID=0bbe6eaa-14ec-49ac-a39c-80a6295dab44" target="_blank" rel="noopener">Reglur Þjóðskjalasafns Íslands um frágang, skráningu og afhendingu pappírsskjala afhendingarskyldra aðila nr. 1065/2010</a></p>
<p><a href="http://www.ica.org/en/euronomos-online-legal-database" target="_blank" rel="noopener">EURONOMOS – yfirlit um löggjöf aðildarríkja Evrópusambandsins um skjalavörslu</a></p>
<p><a href="http://www.archivschule.de/DE/service/archivgesetze/" target="_blank" rel="noopener">Þýsk löggjöf um skjalavörslu</a></p>

<p>Helstu lög og reglur er gilda um starfsemi héraðsskjalasafna og skjalavörslu sveitarfélaga. Hér fylgja og til fróðleiks tenglar til erlendrar löggjafar um skjalavörslu. Lög um opinber skjalasöfn nr. 77/2014 Eldri lög (fallin úr gildi) um Þjóðskjalasafn Íslands nr. 66/1985 Reglugerð</p>
