{"id":741,"date":"2016-11-10T14:32:40","date_gmt":"2016-11-10T14:32:40","guid":{"rendered":"http:\/\/wp2.edge.is\/?page_id=741"},"modified":"2016-11-11T08:57:23","modified_gmt":"2016-11-11T08:57:23","slug":"hafdu-samband","status":"publish","type":"page","link":"https:\/\/heradsskjalasafn.is\/?page_id=741","title":{"rendered":"Haf\u00f0u samband"},"content":{"rendered":"<p>H\u00e6gt er a\u00f0 hafa samband vi\u00f0 ritstj\u00f3ra vefsins me\u00f0 \u00fev\u00ed a\u00f0 senda t\u00f6lvup\u00f3st.<\/p>\n<p><a href=\"mailto:hrafns@kopavogur.is\">Hrafn Sveinbjarnarson<\/a>, h\u00e9ra\u00f0sskjalav\u00f6r\u00f0ur K\u00f3pavogs.<br \/>\n<a href=\"mailto:thorsteinn@heradsskjalasafn.is\">\u00deorsteinn Tryggvi M\u00e1sson<\/a>, h\u00e9ra\u00f0sskjalav\u00f6r\u00f0ur \u00c1rnesinga.<\/p>\n<p>&nbsp;<\/p>\n","protected":false},"excerpt":{"rendered":"<p>H\u00e6gt er a\u00f0 hafa samband vi\u00f0 ritstj\u00f3ra vefsins me\u00f0 \u00fev\u00ed a\u00f0 senda t\u00f6lvup\u00f3st. Hrafn Sveinbjarnarson, h\u00e9ra\u00f0sskjalav\u00f6r\u00f0ur K\u00f3pavogs. \u00deorsteinn Tryggvi M\u00e1sson, h\u00e9ra\u00f0sskjalav\u00f6r\u00f0ur \u00c1rnesinga. &nbsp;<\/p>\n","protected":false},"author":2,"featured_media":0,"parent":0,"menu_order":0,"comment_status":"closed","ping_status":"closed","template":"","meta":{"footnotes":""},"class_list":["post-741","page","type-page","status-publish","hentry"],"_links":{"self":[{"href":"https:\/\/heradsskjalasafn.is\/index.php?rest_route=\/wp\/v2\/pages\/741","targetHints":{"allow":["GET"]}}],"collection":[{"href":"https:\/\/heradsskjalasafn.is\/index.php?rest_route=\/wp\/v2\/pages"}],"about":[{"href":"https:\/\/heradsskjalasafn.is\/index.php?rest_route=\/wp\/v2\/types\/page"}],"author":[{"embeddable":true,"href":"https:\/\/heradsskjalasafn.is\/index.php?rest_route=\/wp\/v2\/users\/2"}],"replies":[{"embeddable":true,"href":"https:\/\/heradsskjalasafn.is\/index.php?rest_route=%2Fwp%2Fv2%2Fcomments&post=741"}],"version-history":[{"count":8,"href":"https:\/\/heradsskjalasafn.is\/index.php?rest_route=\/wp\/v2\/pages\/741\/revisions"}],"predecessor-version":[{"id":751,"href":"https:\/\/heradsskjalasafn.is\/index.php?rest_route=\/wp\/v2\/pages\/741\/revisions\/751"}],"wp:attachment":[{"href":"https:\/\/heradsskjalasafn.is\/index.php?rest_route=%2Fwp%2Fv2%2Fmedia&parent=741"}],"curies":[{"name":"wp","href":"https:\/\/api.w.org\/{rel}","templated":true}]}}