{"id":1011,"date":"2016-11-25T12:22:16","date_gmt":"2016-11-25T12:22:16","guid":{"rendered":"http:\/\/wp2.edge.is\/?page_id=1011"},"modified":"2016-11-29T09:26:39","modified_gmt":"2016-11-29T09:26:39","slug":"islensk-sagnfraedi","status":"publish","type":"page","link":"https:\/\/heradsskjalasafn.is\/?page_id=1011","title":{"rendered":"\u00cdslensk sagnfr\u00e6\u00f0i"},"content":{"rendered":"<p>Kr\u00e6kjur til vefja f\u00e9lagasamtaka og annarra \u00e1 \u00cdslandi sem hafa s\u00f6gu og sagnfr\u00e6\u00f0i a\u00f0 h\u00f6fu\u00f0vi\u00f0fangsefni. H\u00e9r eru einnig kr\u00e6kjur til vefja v\u00edsinda- og fr\u00e6\u00f0af\u00e9laga sem taka jafnframt til fleiri fr\u00e6\u00f0igreina. A\u00f0 auki eru h\u00e9r kr\u00e6kjur til hj\u00e1lpargagna sem \u00e6tla m\u00e1 a\u00f0 n\u00fdtist \u00edslenskum sagnfr\u00e6\u00f0ingum.<\/p>\n<p><a href=\"http:\/\/sagnfraedistofnun.hi.is\/\" target=\"_blank\">Sagnfr\u00e6\u00f0istofnun H\u00e1sk\u00f3la \u00cdslands<\/a><\/p>\n<p><a href=\"https:\/\/soguslodir.hi.is\/\" target=\"_blank\">S\u00f6gusl\u00f3\u00f0ir, vefsetur um \u00edslenska sagnfr\u00e6\u00f0i<\/a><\/p>\n<p><a href=\"http:\/\/www.sagnfraedingafelag.net\/\" target=\"_blank\">Sagnfr\u00e6\u00f0ingaf\u00e9lag \u00cdslands<\/a><\/p>\n<p><a href=\"http:\/\/www.sogufelag.is\/efni\/fr%C3%A9ttir\" target=\"_blank\">S\u00f6guf\u00e9lag<\/a><\/p>\n<p><a href=\"http:\/\/www.vogur.is\/\" target=\"_blank\">S\u00f6guf\u00e9lag K\u00f3pavogs<\/a><\/p>\n<p><a href=\"http:\/\/sogufelag.skagafjordur.is\/\" target=\"_blank\">S\u00f6guf\u00e9lag Skagfir\u00f0inga<\/a><\/p>\n<p><a href=\"http:\/\/servefir.ruv.is\/saga\/\" target=\"_blank\">\u00cdslandss\u00f6guvefur R\u00edkis\u00fatvarpsins<\/a><\/p>\n<p><a href=\"http:\/\/aett.is\/index.php\/is\/\" target=\"_blank\">\u00c6ttfr\u00e6\u00f0if\u00e9lagi\u00f0<\/a><\/p>\n<p><a href=\"http:\/\/www.orgehf.is\/\" target=\"_blank\">ORG \u00e6ttfr\u00e6\u00f0i\u00fej\u00f3nustan<\/a><\/p>\n<p><a href=\"http:\/\/eudocs.lib.byu.edu\/index.php\/History_of_Iceland:_Primary_Documents\" target=\"_blank\">History of Iceland: Primary Documents<\/a><\/p>\n<p><a href=\"http:\/\/wayback.vefsafn.is\/wayback\/20100329205111\/http:\/\/heimildir.is\" target=\"_blank\">Heimildir.is \u00e1 Vefsafni.is 29. mars 2010<\/a><\/p>\n<p><a href=\"https:\/\/handrit.is\/\" target=\"_blank\">Handrit.is<\/a><\/p>\n<p><a href=\"http:\/\/timarit.is\/\" target=\"_blank\">T\u00edmarit.is<\/a><\/p>\n<p><a href=\"http:\/\/baekur.is\/search\/$N\/TITLE\" target=\"_blank\">B\u00e6kur.is<\/a><\/p>\n<p><a href=\"http:\/\/leitir.is\/primo_library\/libweb\/action\/search.do\" target=\"_blank\">Leitir \u2013 mi\u00f0l\u00e6g leitarv\u00e9l Landskerfis b\u00f3kasafna<\/a><\/p>\n<p><a href=\"http:\/\/vefsafn.is\/\" target=\"_blank\">Vefsafn.is \u2013 safn vefs\u00ed\u00f0na me\u00f0 .is endingu hj\u00e1 Landsb\u00f3kasafni \u00cdslands<\/a><\/p>\n<p><a href=\"http:\/\/www.manntal.is\/\" target=\"_blank\">Manntalsvefur \u00dej\u00f3\u00f0skjalasafns \u00cdslands<\/a><\/p>\n<p><a href=\"http:\/\/fraedi.is\/18.oldin\/\" target=\"_blank\">F\u00e9lag um \u00e1tj\u00e1ndu aldar fr\u00e6\u00f0i<\/a><\/p>\n<p><a href=\"http:\/\/hib.is\/\" target=\"_blank\">Hi\u00f0 \u00edslenska b\u00f3kmenntaf\u00e9lag<\/a><\/p>\n<p><a href=\"http:\/\/www.visindafelag.is\/\" target=\"_blank\">V\u00edsindaf\u00e9lag \u00cdslendinga<\/a><\/p>\n<p><a href=\"http:\/\/baekur.is\/bok\/000197700\/Diplomatarium_Islandicum__\" target=\"_blank\">Diplomatarium Islandicum \u2013 \u00cdslenskt fornbr\u00e9fasafn 1.-16. bindi<\/a><\/p>\n<p><a href=\"http:\/\/baekur.is\/bok\/000083341\/Kongelige_Allernaadigste\" target=\"_blank\">Hrappseyjarforordningarnar<\/a><\/p>\n<p><a href=\"http:\/\/baekur.is\/bok\/000195669\/Lovsamling_for_Island\" target=\"_blank\">Lovsamling for Island<\/a><\/p>\n<p><a href=\"http:\/\/www.hf.uio.no\/iakh\/forskning\/prosjekter\/tingbok\/lover-reskripter\/schous-forordninger\/\" target=\"_blank\">Schous forordninger<\/a><\/p>\n<p><a href=\"https:\/\/www.gardur.is\/leit_einfalt_c.php\" target=\"_blank\">Legsta\u00f0askr\u00e1 Kirkjugar\u00f0asambandsins<\/a><\/p>\n<p><a href=\"https:\/\/soguslodir.hi.is\/ritgerdir\/\" target=\"_blank\">Skr\u00e1 Sagnfr\u00e6\u00f0istofnunar yfir lokaritger\u00f0ir \u00ed sagnfr\u00e6\u00f0i fr\u00e1 H\u00e1sk\u00f3la \u00cdslands<\/a><\/p>\n<p><a href=\"http:\/\/baekur.is\/bok\/000339579\/Safn_til_sogu_Islands_og\" target=\"_blank\">Safn til s\u00f6gu \u00cdslands og \u00edslenskra b\u00f3kmennta a\u00f0 fornu og n\u00fdju<\/a><\/p>\n","protected":false},"excerpt":{"rendered":"<p>Kr\u00e6kjur til vefja f\u00e9lagasamtaka og annarra \u00e1 \u00cdslandi sem hafa s\u00f6gu og sagnfr\u00e6\u00f0i a\u00f0 h\u00f6fu\u00f0vi\u00f0fangsefni. H\u00e9r eru einnig kr\u00e6kjur til vefja v\u00edsinda- og fr\u00e6\u00f0af\u00e9laga sem taka jafnframt til fleiri fr\u00e6\u00f0igreina. A\u00f0 auki eru h\u00e9r kr\u00e6kjur til hj\u00e1lpargagna sem \u00e6tla m\u00e1<\/p>\n","protected":false},"author":2,"featured_media":0,"parent":0,"menu_order":0,"comment_status":"closed","ping_status":"closed","template":"","meta":{"footnotes":""},"class_list":["post-1011","page","type-page","status-publish","hentry"],"_links":{"self":[{"href":"https:\/\/heradsskjalasafn.is\/index.php?rest_route=\/wp\/v2\/pages\/1011","targetHints":{"allow":["GET"]}}],"collection":[{"href":"https:\/\/heradsskjalasafn.is\/index.php?rest_route=\/wp\/v2\/pages"}],"about":[{"href":"https:\/\/heradsskjalasafn.is\/index.php?rest_route=\/wp\/v2\/types\/page"}],"author":[{"embeddable":true,"href":"https:\/\/heradsskjalasafn.is\/index.php?rest_route=\/wp\/v2\/users\/2"}],"replies":[{"embeddable":true,"href":"https:\/\/heradsskjalasafn.is\/index.php?rest_route=%2Fwp%2Fv2%2Fcomments&post=1011"}],"version-history":[{"count":5,"href":"https:\/\/heradsskjalasafn.is\/index.php?rest_route=\/wp\/v2\/pages\/1011\/revisions"}],"predecessor-version":[{"id":1114,"href":"https:\/\/heradsskjalasafn.is\/index.php?rest_route=\/wp\/v2\/pages\/1011\/revisions\/1114"}],"wp:attachment":[{"href":"https:\/\/heradsskjalasafn.is\/index.php?rest_route=%2Fwp%2Fv2%2Fmedia&parent=1011"}],"curies":[{"name":"wp","href":"https:\/\/api.w.org\/{rel}","templated":true}]}}

Íslensk sagnfræði

<p>Krækjur til vefja félagasamtaka og annarra á Íslandi sem hafa sögu og sagnfræði að höfuðviðfangsefni. Hér eru einnig krækjur til vefja vísinda- og fræðafélaga sem taka jafnframt til fleiri fræðigreina. Að auki eru hér krækjur til hjálpargagna sem ætla má að nýtist íslenskum sagnfræðingum.</p>
<p><a href="http://sagnfraedistofnun.hi.is/" target="_blank">Sagnfræðistofnun Háskóla Íslands</a></p>
<p><a href="https://soguslodir.hi.is/" target="_blank">Söguslóðir, vefsetur um íslenska sagnfræði</a></p>
<p><a href="http://www.sagnfraedingafelag.net/" target="_blank">Sagnfræðingafélag Íslands</a></p>
<p><a href="http://www.sogufelag.is/efni/fr%C3%A9ttir" target="_blank">Sögufélag</a></p>
<p><a href="http://www.vogur.is/" target="_blank">Sögufélag Kópavogs</a></p>
<p><a href="http://sogufelag.skagafjordur.is/" target="_blank">Sögufélag Skagfirðinga</a></p>
<p><a href="http://servefir.ruv.is/saga/" target="_blank">Íslandssöguvefur Ríkisútvarpsins</a></p>
<p><a href="http://aett.is/index.php/is/" target="_blank">Ættfræðifélagið</a></p>
<p><a href="http://www.orgehf.is/" target="_blank">ORG ættfræðiþjónustan</a></p>
<p><a href="http://eudocs.lib.byu.edu/index.php/History_of_Iceland:_Primary_Documents" target="_blank">History of Iceland: Primary Documents</a></p>
<p><a href="http://wayback.vefsafn.is/wayback/20100329205111/http://heimildir.is" target="_blank">Heimildir.is á Vefsafni.is 29. mars 2010</a></p>
<p><a href="https://handrit.is/" target="_blank">Handrit.is</a></p>
<p><a href="http://timarit.is/" target="_blank">Tímarit.is</a></p>
<p><a href="http://baekur.is/search/$N/TITLE" target="_blank">Bækur.is</a></p>
<p><a href="http://leitir.is/primo_library/libweb/action/search.do" target="_blank">Leitir – miðlæg leitarvél Landskerfis bókasafna</a></p>
<p><a href="http://vefsafn.is/" target="_blank">Vefsafn.is – safn vefsíðna með .is endingu hjá Landsbókasafni Íslands</a></p>
<p><a href="http://www.manntal.is/" target="_blank">Manntalsvefur Þjóðskjalasafns Íslands</a></p>
<p><a href="http://fraedi.is/18.oldin/" target="_blank">Félag um átjándu aldar fræði</a></p>
<p><a href="http://hib.is/" target="_blank">Hið íslenska bókmenntafélag</a></p>
<p><a href="http://www.visindafelag.is/" target="_blank">Vísindafélag Íslendinga</a></p>
<p><a href="http://baekur.is/bok/000197700/Diplomatarium_Islandicum__" target="_blank">Diplomatarium Islandicum – Íslenskt fornbréfasafn 1.-16. bindi</a></p>
<p><a href="http://baekur.is/bok/000083341/Kongelige_Allernaadigste" target="_blank">Hrappseyjarforordningarnar</a></p>
<p><a href="http://baekur.is/bok/000195669/Lovsamling_for_Island" target="_blank">Lovsamling for Island</a></p>
<p><a href="http://www.hf.uio.no/iakh/forskning/prosjekter/tingbok/lover-reskripter/schous-forordninger/" target="_blank">Schous forordninger</a></p>
<p><a href="https://www.gardur.is/leit_einfalt_c.php" target="_blank">Legstaðaskrá Kirkjugarðasambandsins</a></p>
<p><a href="https://soguslodir.hi.is/ritgerdir/" target="_blank">Skrá Sagnfræðistofnunar yfir lokaritgerðir í sagnfræði frá Háskóla Íslands</a></p>
<p><a href="http://baekur.is/bok/000339579/Safn_til_sogu_Islands_og" target="_blank">Safn til sögu Íslands og íslenskra bókmennta að fornu og nýju</a></p>

<p>Krækjur til vefja félagasamtaka og annarra á Íslandi sem hafa sögu og sagnfræði að höfuðviðfangsefni. Hér eru einnig krækjur til vefja vísinda- og fræðafélaga sem taka jafnframt til fleiri fræðigreina. Að auki eru hér krækjur til hjálpargagna sem ætla má</p>
